{"id":129,"date":"2025-08-08T11:22:43","date_gmt":"2025-08-08T09:22:43","guid":{"rendered":"https:\/\/przystanekrozwoj.pl\/?page_id=129"},"modified":"2025-08-08T11:22:43","modified_gmt":"2025-08-08T09:22:43","slug":"male-sluchowe-wyprawy","status":"publish","type":"page","link":"https:\/\/przystanekrozwoj.pl\/?page_id=129","title":{"rendered":"Ma\u0142e, s\u0142uchowe wyprawy"},"content":{"rendered":"\n<p><\/p>\n\n\n\n<p>To kr\u00f3tkie, kilkuminutowe przerwniki w czasie lekcji, kt\u00f3re wspieraj\u0105 <strong>rozw\u00f3j przetwarzania s\u0142uchowego<\/strong> oraz wzmacniaj\u0105 <strong>analizator s\u0142uchowy<\/strong> u dzieci.<br>Dzi\u0119ki prostym, anga\u017cuj\u0105cym zadaniom uczniowie \u0107wicz\u0105 koncentracj\u0119, uwag\u0119 s\u0142uchow\u0105 i wsp\u00f3\u0142prac\u0119.<\/p>\n\n\n\n<p>\ud83d\udc42 Dzieci wykonuj\u0105 \u0107wiczenia:<br>\ud83d\udd39 indywidualnie<br>\ud83d\udd39 w parach<br>\ud83d\udd39 w grupach<\/p>\n\n\n\n<p>\ud83d\udccb W za\u0142\u0105czniku znajduje si\u0119 <strong>lista zada\u0144<\/strong>, kt\u00f3re:<br>\u2714 mo\u017cna dowolnie <strong>miesza\u0107 i modyfikowa\u0107<\/strong><br>\u2714 \u0142atwo <strong>dopasowa\u0107 do potrzeb konkretnej grupy<\/strong><br>\u2714 warto <strong>powtarza\u0107<\/strong>, by utrwala\u0107 efekty<\/p>\n\n\n\n<p>To elastyczne narz\u0119dzie, kt\u00f3re w prosty spos\u00f3b mo\u017cna wple\u015b\u0107 w codzienn\u0105 prac\u0119 z klas\u0105.<\/p>\n\n\n\n<p>\ud83c\udf1f A mo\u017ce uda Wam si\u0119 wymy\u015bli\u0107 <strong>w\u0142asn\u0105 S\u0142uchow\u0105 Wypraw\u0119<\/strong>?<br>Koniecznie <strong>podzielcie si\u0119 ni\u0105 na grupie projektowej<\/strong> (<a href=\"https:\/\/www.facebook.com\/groups\/mistrzowiesluchania\">https:\/\/www.facebook.com\/groups\/mistrzowiesluchania<\/a>) \u2013 inspirujmy si\u0119 nawzajem! \ud83d\ude0a<\/p>\n\n\n\n<div class=\"wp-block-columns is-layout-flex wp-container-core-columns-is-layout-9d6595d7 wp-block-columns-is-layout-flex\">\n<div class=\"wp-block-column is-layout-flow wp-block-column-is-layout-flow\">\n<div data-wp-interactive=\"core\/file\" class=\"wp-block-file\"><object data-wp-bind--hidden=\"!state.hasPdfPreview\" hidden class=\"wp-block-file__embed\" data=\"https:\/\/przystanekrozwoj.pl\/wp-content\/uploads\/2025\/08\/Male-sluchowe-wyprawy.pdf\" type=\"application\/pdf\" style=\"width:100%;height:260px\" aria-label=\"Embed of Ma\u0142e, s\u0142uchowe wyprawy.\"><\/object><a id=\"wp-block-file--media-3cc260bb-6e9b-4bc6-986d-9a7d03c90464\" href=\"https:\/\/przystanekrozwoj.pl\/wp-content\/uploads\/2025\/08\/Male-sluchowe-wyprawy.pdf\">Ma\u0142e, s\u0142uchowe wyprawy<\/a><a href=\"https:\/\/przystanekrozwoj.pl\/wp-content\/uploads\/2025\/08\/Male-sluchowe-wyprawy.pdf\" class=\"wp-block-file__button wp-element-button\" download aria-describedby=\"wp-block-file--media-3cc260bb-6e9b-4bc6-986d-9a7d03c90464\">Pobierz<\/a><\/div>\n<\/div>\n\n\n\n<div class=\"wp-block-column is-layout-flow wp-block-column-is-layout-flow\"><\/div>\n<\/div>\n\n\n\n<p><\/p>\n","protected":false},"excerpt":{"rendered":"<p>To kr\u00f3tkie, kilkuminutowe przerwniki w czasie lekcji, kt\u00f3re wspieraj\u0105 rozw\u00f3j przetwarzania s\u0142uchowego oraz wzmacniaj\u0105 analizator s\u0142uchowy u dzieci.Dzi\u0119ki prostym, anga\u017cuj\u0105cym zadaniom uczniowie \u0107wicz\u0105 koncentracj\u0119, uwag\u0119 s\u0142uchow\u0105 i wsp\u00f3\u0142prac\u0119. \ud83d\udc42 Dzieci wykonuj\u0105 \u0107wiczenia:\ud83d\udd39 indywidualnie\ud83d\udd39 w parach\ud83d\udd39 w grupach \ud83d\udccb W za\u0142\u0105czniku znajduje si\u0119 lista zada\u0144, kt\u00f3re:\u2714 mo\u017cna dowolnie miesza\u0107 i modyfikowa\u0107\u2714 \u0142atwo dopasowa\u0107 do potrzeb konkretnej grupy\u2714 warto powtarza\u0107, by utrwala\u0107 [&hellip;]<\/p>\n","protected":false},"author":1,"featured_media":0,"parent":0,"menu_order":0,"comment_status":"closed","ping_status":"closed","template":"","meta":{"postBodyCss":"","postBodyMargin":[],"postBodyPadding":[],"postBodyBackground":{"backgroundType":"classic","gradient":""},"footnotes":""},"class_list":["post-129","page","type-page","status-publish","hentry"],"_links":{"self":[{"href":"https:\/\/przystanekrozwoj.pl\/index.php?rest_route=\/wp\/v2\/pages\/129","targetHints":{"allow":["GET"]}}],"collection":[{"href":"https:\/\/przystanekrozwoj.pl\/index.php?rest_route=\/wp\/v2\/pages"}],"about":[{"href":"https:\/\/przystanekrozwoj.pl\/index.php?rest_route=\/wp\/v2\/types\/page"}],"author":[{"embeddable":true,"href":"https:\/\/przystanekrozwoj.pl\/index.php?rest_route=\/wp\/v2\/users\/1"}],"replies":[{"embeddable":true,"href":"https:\/\/przystanekrozwoj.pl\/index.php?rest_route=%2Fwp%2Fv2%2Fcomments&post=129"}],"version-history":[{"count":1,"href":"https:\/\/przystanekrozwoj.pl\/index.php?rest_route=\/wp\/v2\/pages\/129\/revisions"}],"predecessor-version":[{"id":130,"href":"https:\/\/przystanekrozwoj.pl\/index.php?rest_route=\/wp\/v2\/pages\/129\/revisions\/130"}],"wp:attachment":[{"href":"https:\/\/przystanekrozwoj.pl\/index.php?rest_route=%2Fwp%2Fv2%2Fmedia&parent=129"}],"curies":[{"name":"wp","href":"https:\/\/api.w.org\/{rel}","templated":true}]}}