{"id":283,"date":"2025-12-13T21:48:55","date_gmt":"2025-12-13T20:48:55","guid":{"rendered":"https:\/\/przystanekrozwoj.pl\/?page_id=283"},"modified":"2026-03-22T15:30:31","modified_gmt":"2026-03-22T14:30:31","slug":"nasz-zespol","status":"publish","type":"page","link":"https:\/\/przystanekrozwoj.pl\/?page_id=283","title":{"rendered":"Nasz zesp\u00f3\u0142"},"content":{"rendered":"\n<p><\/p>\n\n\n\n<p>Jeste\u015bmy zespo\u0142em specjalist\u00f3w i pasjonat\u00f3w \u2013 z do\u015bwiadczeniem w psychologii, pedagogice, terapii i edukacji alternatywnej. Dzia\u0142amy z sercem i przekonaniem, \u017ce rozw\u00f3j to droga, kt\u00f3r\u0105 najlepiej i\u015b\u0107 razem. Ka\u017cdy z nas wnosi co\u015b wyj\u0105tkowego, a razem tworzymy przestrze\u0144, w kt\u00f3rej wspieramy, inspirujemy i towarzyszymy w rozwoju \u2013 dzieciom, rodzinom i spo\u0142eczno\u015bciom.<\/p>\n\n\n\n<div class=\"wp-block-columns is-layout-flex wp-container-core-columns-is-layout-9d6595d7 wp-block-columns-is-layout-flex\">\n<div class=\"wp-block-column is-layout-flow wp-block-column-is-layout-flow\">\n<div class=\"wp-block-group alignfull is-content-justification-center\" style=\"margin-top:0;margin-bottom:0;padding-top:calc( 0.5 * var(--wp--style--root--padding-right, var(--wp--custom--gap--horizontal)));padding-right:var(--wp--style--root--padding-right, var(--wp--custom--gap--horizontal));padding-bottom:calc( 0.5 * var(--wp--style--root--padding-right, var(--wp--custom--gap--horizontal)));padding-left:var(--wp--style--root--padding-left, var(--wp--custom--gap--horizontal))\"><div class=\"wp-block-group__inner-container is-layout-constrained wp-container-core-group-is-layout-b073b61b wp-block-group-is-layout-constrained\">\n<div style=\"height:calc( 0.25 * var(--wp--style--root--padding-right, var(--wp--custom--gap--horizontal)))\" aria-hidden=\"true\" class=\"wp-block-spacer\"><\/div>\n\n\n\n<div class=\"wp-block-columns alignwide are-vertically-aligned-center is-layout-flex wp-container-core-columns-is-layout-6aa4370a wp-block-columns-is-layout-flex\">\n<div class=\"wp-block-column is-vertically-aligned-center is-layout-flow wp-block-column-is-layout-flow\"><div class=\"wp-block-image\">\n<figure class=\"aligncenter size-full is-resized\"><img fetchpriority=\"high\" decoding=\"async\" width=\"953\" height=\"960\" src=\"https:\/\/przystanekrozwoj.pl\/wp-content\/uploads\/2025\/12\/Basia.jpg\" alt=\"\" class=\"wp-image-263\" style=\"aspect-ratio:0.75;object-fit:cover;width:215px;height:auto\" srcset=\"https:\/\/przystanekrozwoj.pl\/wp-content\/uploads\/2025\/12\/Basia.jpg 953w, https:\/\/przystanekrozwoj.pl\/wp-content\/uploads\/2025\/12\/Basia-298x300.jpg 298w, https:\/\/przystanekrozwoj.pl\/wp-content\/uploads\/2025\/12\/Basia-150x150.jpg 150w, https:\/\/przystanekrozwoj.pl\/wp-content\/uploads\/2025\/12\/Basia-768x774.jpg 768w, https:\/\/przystanekrozwoj.pl\/wp-content\/uploads\/2025\/12\/Basia-600x604.jpg 600w, https:\/\/przystanekrozwoj.pl\/wp-content\/uploads\/2025\/12\/Basia-100x100.jpg 100w\" sizes=\"(max-width: 953px) 100vw, 953px\" \/><\/figure>\n<\/div><\/div>\n\n\n\n<div class=\"wp-block-column is-vertically-aligned-center is-layout-flow wp-block-column-is-layout-flow\">\n<h2 class=\"wp-block-heading has-xx-large-font-size\">Barbara Czapska<\/h2>\n\n\n\n<p>Prezes stowarzyszenia Przystanek Rozw\u00f3j. <\/p>\n\n\n\n<p>Pedagog Specjalny, diagnosta i terapeuta zaburze\u0144 integracji sensorycznej, specjalista diagnozy i terapii pedagogicznej, terapeuta r\u0119ki, trener TUS.<\/p>\n\n\n\n<div class=\"wp-block-buttons is-layout-flex wp-block-buttons-is-layout-flex\">\n<div class=\"wp-block-button\"><a class=\"wp-block-button__link wp-element-button\" href=\"https:\/\/przystanekrozwoj.pl\/?page_id=268\">Wi\u0119cej&#8230;<\/a><\/div>\n<\/div>\n<\/div>\n<\/div>\n\n\n\n<div style=\"height:calc( 0.25 * var(--wp--style--root--padding-right, var(--wp--custom--gap--horizontal)))\" aria-hidden=\"true\" class=\"wp-block-spacer\"><\/div>\n<\/div><\/div>\n<\/div>\n\n\n\n<div class=\"wp-block-column is-layout-flow wp-block-column-is-layout-flow\">\n<div class=\"wp-block-group alignfull is-content-justification-center\" style=\"margin-top:0;margin-bottom:0;padding-top:calc( 0.5 * var(--wp--style--root--padding-right, var(--wp--custom--gap--horizontal)));padding-right:var(--wp--style--root--padding-right, var(--wp--custom--gap--horizontal));padding-bottom:calc( 0.5 * var(--wp--style--root--padding-right, var(--wp--custom--gap--horizontal)));padding-left:var(--wp--style--root--padding-left, var(--wp--custom--gap--horizontal))\"><div class=\"wp-block-group__inner-container is-layout-constrained wp-container-core-group-is-layout-b073b61b wp-block-group-is-layout-constrained\">\n<div style=\"height:calc( 0.25 * var(--wp--style--root--padding-right, var(--wp--custom--gap--horizontal)))\" aria-hidden=\"true\" class=\"wp-block-spacer\"><\/div>\n\n\n\n<div class=\"wp-block-columns alignwide are-vertically-aligned-center is-layout-flex wp-container-core-columns-is-layout-6aa4370a wp-block-columns-is-layout-flex\">\n<div class=\"wp-block-column is-vertically-aligned-center is-layout-flow wp-block-column-is-layout-flow\"><div class=\"wp-block-image\">\n<figure class=\"aligncenter size-full is-resized\"><img decoding=\"async\" width=\"1024\" height=\"1024\" src=\"https:\/\/przystanekrozwoj.pl\/wp-content\/uploads\/2026\/03\/zd-na-www.png\" alt=\"\" class=\"wp-image-321\" style=\"aspect-ratio:0.7500480307396734;object-fit:cover;width:229px;height:auto\" srcset=\"https:\/\/przystanekrozwoj.pl\/wp-content\/uploads\/2026\/03\/zd-na-www.png 1024w, https:\/\/przystanekrozwoj.pl\/wp-content\/uploads\/2026\/03\/zd-na-www-300x300.png 300w, https:\/\/przystanekrozwoj.pl\/wp-content\/uploads\/2026\/03\/zd-na-www-150x150.png 150w, https:\/\/przystanekrozwoj.pl\/wp-content\/uploads\/2026\/03\/zd-na-www-768x768.png 768w, https:\/\/przystanekrozwoj.pl\/wp-content\/uploads\/2026\/03\/zd-na-www-600x600.png 600w, https:\/\/przystanekrozwoj.pl\/wp-content\/uploads\/2026\/03\/zd-na-www-100x100.png 100w\" sizes=\"(max-width: 1024px) 100vw, 1024px\" \/><\/figure>\n<\/div><\/div>\n\n\n\n<div class=\"wp-block-column is-vertically-aligned-center is-layout-flow wp-block-column-is-layout-flow\">\n<h2 class=\"wp-block-heading has-xx-large-font-size\">Kamila Tokarska-Miturska<\/h2>\n\n\n\n<p>Psycholog, terapeuta dzieci\u0119cy, specjalista treningu umiej\u0119tno\u015bci spo\u0142ecznych<\/p>\n\n\n\n<p><\/p>\n\n\n\n<div class=\"wp-block-buttons is-layout-flex wp-block-buttons-is-layout-flex\">\n<div class=\"wp-block-button\"><a class=\"wp-block-button__link wp-element-button\" href=\"https:\/\/przystanekrozwoj.pl\/?page_id=323\">Wi\u0119cej&#8230;<\/a><\/div>\n<\/div>\n<\/div>\n<\/div>\n\n\n\n<div style=\"height:calc( 0.25 * var(--wp--style--root--padding-right, var(--wp--custom--gap--horizontal)))\" aria-hidden=\"true\" class=\"wp-block-spacer\"><\/div>\n<\/div><\/div>\n<\/div>\n<\/div>\n\n\n\n<div class=\"wp-block-columns is-layout-flex wp-container-core-columns-is-layout-9d6595d7 wp-block-columns-is-layout-flex\">\n<div class=\"wp-block-column is-layout-flow wp-block-column-is-layout-flow\">\n<div class=\"wp-block-group alignfull is-content-justification-center\" style=\"margin-top:0;margin-bottom:0;padding-top:calc( 0.5 * var(--wp--style--root--padding-right, var(--wp--custom--gap--horizontal)));padding-right:var(--wp--style--root--padding-right, var(--wp--custom--gap--horizontal));padding-bottom:calc( 0.5 * var(--wp--style--root--padding-right, var(--wp--custom--gap--horizontal)));padding-left:var(--wp--style--root--padding-left, var(--wp--custom--gap--horizontal))\"><div class=\"wp-block-group__inner-container is-layout-constrained wp-container-core-group-is-layout-b073b61b wp-block-group-is-layout-constrained\">\n<div style=\"height:calc( 0.25 * var(--wp--style--root--padding-right, var(--wp--custom--gap--horizontal)))\" aria-hidden=\"true\" class=\"wp-block-spacer\"><\/div>\n\n\n\n<div class=\"wp-block-columns alignwide are-vertically-aligned-center is-layout-flex wp-container-core-columns-is-layout-6aa4370a wp-block-columns-is-layout-flex\">\n<div class=\"wp-block-column is-vertically-aligned-center is-layout-flow wp-block-column-is-layout-flow\"><div class=\"wp-block-image\">\n<figure class=\"aligncenter size-full is-resized\"><img decoding=\"async\" width=\"2048\" height=\"2048\" src=\"https:\/\/przystanekrozwoj.pl\/wp-content\/uploads\/2025\/12\/Gosia.jpg\" alt=\"\" class=\"wp-image-265\" style=\"aspect-ratio:0.75;object-fit:cover;width:228px;height:auto\" srcset=\"https:\/\/przystanekrozwoj.pl\/wp-content\/uploads\/2025\/12\/Gosia.jpg 2048w, https:\/\/przystanekrozwoj.pl\/wp-content\/uploads\/2025\/12\/Gosia-300x300.jpg 300w, https:\/\/przystanekrozwoj.pl\/wp-content\/uploads\/2025\/12\/Gosia-1024x1024.jpg 1024w, https:\/\/przystanekrozwoj.pl\/wp-content\/uploads\/2025\/12\/Gosia-150x150.jpg 150w, https:\/\/przystanekrozwoj.pl\/wp-content\/uploads\/2025\/12\/Gosia-768x768.jpg 768w, https:\/\/przystanekrozwoj.pl\/wp-content\/uploads\/2025\/12\/Gosia-1536x1536.jpg 1536w, https:\/\/przystanekrozwoj.pl\/wp-content\/uploads\/2025\/12\/Gosia-600x600.jpg 600w, https:\/\/przystanekrozwoj.pl\/wp-content\/uploads\/2025\/12\/Gosia-100x100.jpg 100w\" sizes=\"(max-width: 2048px) 100vw, 2048px\" \/><\/figure>\n<\/div><\/div>\n\n\n\n<div class=\"wp-block-column is-vertically-aligned-center is-layout-flow wp-block-column-is-layout-flow\">\n<h2 class=\"wp-block-heading has-xx-large-font-size\">Ma\u0142gorzata Pelowska<\/h2>\n\n\n\n<p>Pedagog specjalny, specjalista diagnozy i terapii zaburze\u0144 integracji sensorycznej, trener pedagogiki kreatywno\u015bci, nauczyciel j\u0119zyka angielskiego oraz chemii. <\/p>\n\n\n\n<p><\/p>\n\n\n\n<div class=\"wp-block-buttons is-layout-flex wp-block-buttons-is-layout-flex\">\n<div class=\"wp-block-button\"><a class=\"wp-block-button__link wp-element-button\" href=\"https:\/\/przystanekrozwoj.pl\/?page_id=277\">Wi\u0119cej&#8230;<\/a><\/div>\n<\/div>\n<\/div>\n<\/div>\n\n\n\n<div style=\"height:calc( 0.25 * var(--wp--style--root--padding-right, var(--wp--custom--gap--horizontal)))\" aria-hidden=\"true\" class=\"wp-block-spacer\"><\/div>\n<\/div><\/div>\n<\/div>\n\n\n\n<div class=\"wp-block-column is-layout-flow wp-block-column-is-layout-flow\"><\/div>\n<\/div>\n","protected":false},"excerpt":{"rendered":"<p>Jeste\u015bmy zespo\u0142em specjalist\u00f3w i pasjonat\u00f3w \u2013 z do\u015bwiadczeniem w psychologii, pedagogice, terapii i edukacji alternatywnej. Dzia\u0142amy z sercem i przekonaniem, \u017ce rozw\u00f3j to droga, kt\u00f3r\u0105 najlepiej i\u015b\u0107 razem. Ka\u017cdy z nas wnosi co\u015b wyj\u0105tkowego, a razem tworzymy przestrze\u0144, w kt\u00f3rej wspieramy, inspirujemy i towarzyszymy w rozwoju \u2013 dzieciom, rodzinom i spo\u0142eczno\u015bciom. Barbara Czapska Prezes stowarzyszenia Przystanek Rozw\u00f3j. Pedagog Specjalny, diagnosta [&hellip;]<\/p>\n","protected":false},"author":1,"featured_media":0,"parent":0,"menu_order":0,"comment_status":"closed","ping_status":"closed","template":"","meta":{"postBodyCss":"","postBodyMargin":[],"postBodyPadding":[],"postBodyBackground":{"backgroundType":"classic","gradient":""},"footnotes":""},"class_list":["post-283","page","type-page","status-publish","hentry"],"_links":{"self":[{"href":"https:\/\/przystanekrozwoj.pl\/index.php?rest_route=\/wp\/v2\/pages\/283","targetHints":{"allow":["GET"]}}],"collection":[{"href":"https:\/\/przystanekrozwoj.pl\/index.php?rest_route=\/wp\/v2\/pages"}],"about":[{"href":"https:\/\/przystanekrozwoj.pl\/index.php?rest_route=\/wp\/v2\/types\/page"}],"author":[{"embeddable":true,"href":"https:\/\/przystanekrozwoj.pl\/index.php?rest_route=\/wp\/v2\/users\/1"}],"replies":[{"embeddable":true,"href":"https:\/\/przystanekrozwoj.pl\/index.php?rest_route=%2Fwp%2Fv2%2Fcomments&post=283"}],"version-history":[{"count":2,"href":"https:\/\/przystanekrozwoj.pl\/index.php?rest_route=\/wp\/v2\/pages\/283\/revisions"}],"predecessor-version":[{"id":327,"href":"https:\/\/przystanekrozwoj.pl\/index.php?rest_route=\/wp\/v2\/pages\/283\/revisions\/327"}],"wp:attachment":[{"href":"https:\/\/przystanekrozwoj.pl\/index.php?rest_route=%2Fwp%2Fv2%2Fmedia&parent=283"}],"curies":[{"name":"wp","href":"https:\/\/api.w.org\/{rel}","templated":true}]}}